{"id":2462,"date":"2024-10-17T15:28:52","date_gmt":"2024-10-17T13:28:52","guid":{"rendered":"https:\/\/buurtinfoquartier.be\/?post_type=tribe_events&#038;p=2462"},"modified":"2024-10-17T15:42:13","modified_gmt":"2024-10-17T13:42:13","slug":"malette-pedagogique-parents-ecoles-evenement-de-lancement","status":"publish","type":"tribe_events","link":"https:\/\/buurtinfoquartier.be\/nl\/agenda\/malette-pedagogique-parents-ecoles-evenement-de-lancement\/","title":{"rendered":"Malette p\u00e9dagogique parents-\u00e9coles : \u00c9v\u00e9nement de lancement"},"content":{"rendered":"<div dir=\"auto\" data-olk-copy-source=\"MessageBody\">Le collectif de parents et intervenants du monde scolaire et extra-scolaire \u00ab <b>Et si on se parlait!<\/b> \u00bb a le plaisir de vous inviter \u00e0 la rencontre du <b>26 novembre 2024<\/b>, d\u00e9di\u00e9e au\u00a0<b>lancement de la mallette p\u00e9dagogique Parents &#8211; \u00c9cole<\/b>. L\u2019\u00e9v\u00e9nement aura lieu \u00e0<b>\u00a0la salle Tanger, situ\u00e9e \u00e0 proximit\u00e9 du Botanique, au\u00a0<a href=\"https:\/\/www.google.com\/maps\/search\/284+Rue+Royale,+1210+Saint-Josse-Ten-Noode?entry=gmail&amp;source=g\" target=\"_blank\" rel=\"noopener noreferrer\" data-saferedirecturl=\"https:\/\/www.google.com\/url?q=https:\/\/www.google.com\/maps\/search\/284%2BRue%2BRoyale,%2B1210%2BSaint-Josse-Ten-Noode?entry%3Dgmail%26source%3Dg&amp;source=gmail&amp;ust=1728990069260000&amp;usg=AOvVaw1pVRJjP3tozCcroTaVQtOE\" data-auth=\"NotApplicable\" data-linkindex=\"0\">284 Rue Royale, 1210 Saint-Josse-Ten-Noode<\/a>.<\/b><\/div>\n<div dir=\"auto\"><\/div>\n<div dir=\"auto\">Cette journ\u00e9e est destin\u00e9e \u00e0 la fois aux intervenants du milieu scolaire et aux professionnels des milieux associatifs, AMO et autres services travaillant dans l\u2019accompagnement des jeunes et des familles.<\/div>\n<p><b>Il est possible de s&#8217;inscrire \u00e0 l&#8217;une des deux sessions, soit le matin, soit l\u2019apr\u00e8s-midi du 26 novembre<\/b>. L\u2019inscription est gratuite, mais obligatoire avant le 12 novembre, en raison du nombre de places limit\u00e9. Merci de remplir un formulaire distinct pour chaque personne inscrite.<\/p>\n<p><strong>Infos : etsionseparlait2024@gmail.com<\/strong><\/p>\n<p>Inscription via ce <b><a href=\"https:\/\/docs.google.com\/forms\/d\/e\/1FAIpQLScQAwciaWIYHGqQ7CFhL1yMfpeqrt8pGQiVq7ZkpVokP0gSgA\/viewform\">lien<\/a><\/b><\/p>\n<p>&nbsp;<\/p>\n<p>LE PROJET<br \/>\nCette initiative est n\u00e9e de notre volont\u00e9 de renforcer les liens entre les \u00e9coles et les<br \/>\nparents, reconnaissant ainsi l\u2019importance cruciale de cette collaboration pour le<br \/>\nbien-\u00eatre et la r\u00e9ussite des enfants.<br \/>\nA l\u2019origine de ce projet se trouve une s\u00e9rie de constats et de r\u00e9flexions sur les d\u00e9fis<br \/>\nauxquels sont confront\u00e9s les parents et les professionnels de l\u2019\u00e9ducation dans leurs<br \/>\nrelations au sein de l\u2019\u00e9cole. Nous avons notamment constat\u00e9 la n\u00e9cessit\u00e9 de cr\u00e9er<br \/>\ndes outils concrets et adapt\u00e9s pour faciliter cette collaboration et favoriser un<br \/>\nenvironnement \u00e9ducatif bienveillant.<br \/>\nCe projet vise donc \u00e0 fournir aux \u00e9coles et aux associations du monde extrascolaire<br \/>\ndes outils p\u00e9dagogiques innovants et pratiques con\u00e7us pour encourager la<br \/>\nparticipation active des parents dans la vie scolaire de leurs enfants, tout en<br \/>\nfavorisant une communication ouverte et constructive entre les parents et les<br \/>\nprofessionnels de l\u2019\u00e9ducation.<\/p>\n<p>LA MALLETTE P\u00c9DAGOGIQUE PARENTS-\u00c9COLE<br \/>\nCette pr\u00e9sentation inclut 4 supports\/outils pour mieux comprendre le<br \/>\nfonctionnement de l&#8217;\u00e9cole et renforcer la relation entre les parents et les<br \/>\nprofessionnel.les de l&#8217;\u00e9ducation.<br \/>\nNous invitons donc les professionnels de l\u2019\u00e9ducation, les parents et les associations \u00e0<br \/>\nnous rejoindre pour c\u00e9l\u00e9brer ensemble le lancement de ce projet novateur. Des<br \/>\nd\u00e9monstrations en direct des diff\u00e9rents outils seront propos\u00e9es, suivies d\u2019une session<br \/>\nde questions-r\u00e9ponses et d\u2019un moment convivial autour d\u2019un petit d\u00e9jeuner (pour la<br \/>\ns\u00e9ance du matin) ou d\u2019un go\u00fbter gourmand (pour la s\u00e9ance de l\u2019apr\u00e8s-midi)<\/p>\n<div dir=\"auto\"><\/div>\n","protected":false},"excerpt":{"rendered":"<p>Le collectif de parents et intervenants du monde scolaire et extra-scolaire \u00ab Et si on se parlait! \u00bb a le plaisir de vous inviter \u00e0 la rencontre du 26 novembre [&hellip;]<\/p>\n","protected":false},"author":11,"featured_media":2463,"template":"","meta":{"_tec_requires_first_save":false,"_monsterinsights_skip_tracking":false,"_monsterinsights_sitenote_active":false,"_monsterinsights_sitenote_note":"","_monsterinsights_sitenote_category":0,"_EventAllDay":true,"_EventTimezone":"Europe\/Brussels","_EventStartDate":"2024-11-26 00:00:00","_EventEndDate":"2024-11-26 23:59:59","_EventStartDateUTC":"2024-11-25 23:00:00","_EventEndDateUTC":"2024-11-26 22:59:59","_EventShowMap":true,"_EventShowMapLink":true,"_EventURL":"","_EventCost":"","_EventCostDescription":"","_EventCurrencySymbol":"\u20ac","_EventCurrencyCode":"EUR","_EventCurrencyPosition":"suffix","_EventDateTimeSeparator":"","_EventTimeRangeSeparator":"","_EventOrganizerID":[],"_EventVenueID":[2465],"_OrganizerEmail":"","_OrganizerPhone":"","_OrganizerWebsite":"","_VenueAddress":"","_VenueCity":"","_VenueCountry":"","_VenueProvince":"","_VenueState":"","_VenueZip":"","_VenuePhone":"","_VenueURL":"","_VenueStateProvince":"","_VenueLat":"","_VenueLng":"","_VenueShowMap":false,"_VenueShowMapLink":false,"_tribe_blocks_recurrence_rules":"","_tribe_blocks_recurrence_description":"","_tribe_blocks_recurrence_exclusions":"","_tribe_events_status":"","_tribe_events_status_reason":"","_tribe_events_is_hybrid":"","_tribe_events_is_virtual":"","_tribe_events_virtual_video_source":"","_tribe_events_virtual_embed_video":"","_tribe_events_virtual_linked_button_text":"","_tribe_events_virtual_linked_button":"","_tribe_events_virtual_show_embed_at":"","_tribe_events_virtual_show_embed_to":[],"_tribe_events_virtual_show_on_event":"","_tribe_events_virtual_show_on_views":"","_tribe_events_virtual_url":"","footnotes":""},"tags":[445],"tribe_events_cat":[437],"class_list":["post-2462","tribe_events","type-tribe_events","status-publish","has-post-thumbnail","hentry","tag-tous","tribe_events_cat-evenements-et-festivites","cat_evenements-et-festivites"],"_links":{"self":[{"href":"https:\/\/buurtinfoquartier.be\/nl\/wp-json\/wp\/v2\/tribe_events\/2462","targetHints":{"allow":["GET"]}}],"collection":[{"href":"https:\/\/buurtinfoquartier.be\/nl\/wp-json\/wp\/v2\/tribe_events"}],"about":[{"href":"https:\/\/buurtinfoquartier.be\/nl\/wp-json\/wp\/v2\/types\/tribe_events"}],"author":[{"embeddable":true,"href":"https:\/\/buurtinfoquartier.be\/nl\/wp-json\/wp\/v2\/users\/11"}],"version-history":[{"count":3,"href":"https:\/\/buurtinfoquartier.be\/nl\/wp-json\/wp\/v2\/tribe_events\/2462\/revisions"}],"predecessor-version":[{"id":2469,"href":"https:\/\/buurtinfoquartier.be\/nl\/wp-json\/wp\/v2\/tribe_events\/2462\/revisions\/2469"}],"wp:featuredmedia":[{"embeddable":true,"href":"https:\/\/buurtinfoquartier.be\/nl\/wp-json\/wp\/v2\/media\/2463"}],"wp:attachment":[{"href":"https:\/\/buurtinfoquartier.be\/nl\/wp-json\/wp\/v2\/media?parent=2462"}],"wp:term":[{"taxonomy":"post_tag","embeddable":true,"href":"https:\/\/buurtinfoquartier.be\/nl\/wp-json\/wp\/v2\/tags?post=2462"},{"taxonomy":"tribe_events_cat","embeddable":true,"href":"https:\/\/buurtinfoquartier.be\/nl\/wp-json\/wp\/v2\/tribe_events_cat?post=2462"}],"curies":[{"name":"wp","href":"https:\/\/api.w.org\/{rel}","templated":true}]}}

Malette pédagogique parents-écoles : Événement de lancement

<div dir="auto" data-olk-copy-source="MessageBody">Le collectif de parents et intervenants du monde scolaire et extra-scolaire « <b>Et si on se parlait!</b> » a le plaisir de vous inviter à la rencontre du <b>26 novembre 2024</b>, dédiée au <b>lancement de la mallette pédagogique Parents &#8211; École</b>. L’événement aura lieu à<b> la salle Tanger, située à proximité du Botanique, au <a href="https://www.google.com/maps/search/284+Rue+Royale,+1210+Saint-Josse-Ten-Noode?entry=gmail&amp;source=g" target="_blank" rel="noopener noreferrer" data-saferedirecturl="https://www.google.com/url?q=https://www.google.com/maps/search/284%2BRue%2BRoyale,%2B1210%2BSaint-Josse-Ten-Noode?entry%3Dgmail%26source%3Dg&amp;source=gmail&amp;ust=1728990069260000&amp;usg=AOvVaw1pVRJjP3tozCcroTaVQtOE" data-auth="NotApplicable" data-linkindex="0">284 Rue Royale, 1210 Saint-Josse-Ten-Noode</a>.</b></div>
<div dir="auto"></div>
<div dir="auto">Cette journée est destinée à la fois aux intervenants du milieu scolaire et aux professionnels des milieux associatifs, AMO et autres services travaillant dans l’accompagnement des jeunes et des familles.</div>
<p><b>Il est possible de s&#8217;inscrire à l&#8217;une des deux sessions, soit le matin, soit l’après-midi du 26 novembre</b>. L’inscription est gratuite, mais obligatoire avant le 12 novembre, en raison du nombre de places limité. Merci de remplir un formulaire distinct pour chaque personne inscrite.</p>
<p><strong>Infos : etsionseparlait2024@gmail.com</strong></p>
<p>Inscription via ce <b><a href="https://docs.google.com/forms/d/e/1FAIpQLScQAwciaWIYHGqQ7CFhL1yMfpeqrt8pGQiVq7ZkpVokP0gSgA/viewform">lien</a></b></p>
<p>&nbsp;</p>
<p>LE PROJET<br />
Cette initiative est née de notre volonté de renforcer les liens entre les écoles et les<br />
parents, reconnaissant ainsi l’importance cruciale de cette collaboration pour le<br />
bien-être et la réussite des enfants.<br />
A l’origine de ce projet se trouve une série de constats et de réflexions sur les défis<br />
auxquels sont confrontés les parents et les professionnels de l’éducation dans leurs<br />
relations au sein de l’école. Nous avons notamment constaté la nécessité de créer<br />
des outils concrets et adaptés pour faciliter cette collaboration et favoriser un<br />
environnement éducatif bienveillant.<br />
Ce projet vise donc à fournir aux écoles et aux associations du monde extrascolaire<br />
des outils pédagogiques innovants et pratiques conçus pour encourager la<br />
participation active des parents dans la vie scolaire de leurs enfants, tout en<br />
favorisant une communication ouverte et constructive entre les parents et les<br />
professionnels de l’éducation.</p>
<p>LA MALLETTE PÉDAGOGIQUE PARENTS-ÉCOLE<br />
Cette présentation inclut 4 supports/outils pour mieux comprendre le<br />
fonctionnement de l&#8217;école et renforcer la relation entre les parents et les<br />
professionnel.les de l&#8217;éducation.<br />
Nous invitons donc les professionnels de l’éducation, les parents et les associations à<br />
nous rejoindre pour célébrer ensemble le lancement de ce projet novateur. Des<br />
démonstrations en direct des différents outils seront proposées, suivies d’une session<br />
de questions-réponses et d’un moment convivial autour d’un petit déjeuner (pour la<br />
séance du matin) ou d’un goûter gourmand (pour la séance de l’après-midi)</p>
<div dir="auto"></div>

<p>Le collectif de parents et intervenants du monde scolaire et extra-scolaire « Et si on se parlait! » a le plaisir de vous inviter à la rencontre du 26 novembre [&hellip;]</p>
