{"id":2353,"date":"2024-10-03T15:54:14","date_gmt":"2024-10-03T13:54:14","guid":{"rendered":"https:\/\/buurtinfoquartier.be\/?post_type=tribe_events&#038;p=2353"},"modified":"2024-10-11T10:54:39","modified_gmt":"2024-10-11T08:54:39","slug":"inscription-stage-jeunes-automne-2024-cedas","status":"publish","type":"tribe_events","link":"https:\/\/buurtinfoquartier.be\/nl\/agenda\/inscription-stage-jeunes-automne-2024-cedas\/","title":{"rendered":"Inscription stage jeunes automne 2024 &#8211; CEDAS"},"content":{"rendered":"<p><img loading=\"lazy\" decoding=\"async\" class=\"alignnone size-medium wp-image-2356\" src=\"https:\/\/buurtinfoquartier.be\/wp-content\/uploads\/2024\/10\/programme-conges-dautomne-CJ-2024-600x217.png\" alt=\"programme automne cedas\" width=\"600\" height=\"217\" srcset=\"https:\/\/buurtinfoquartier.be\/wp-content\/uploads\/2024\/10\/programme-conges-dautomne-CJ-2024-600x217.png 600w, https:\/\/buurtinfoquartier.be\/wp-content\/uploads\/2024\/10\/programme-conges-dautomne-CJ-2024.png 605w\" sizes=\"auto, (max-width: 600px) 100vw, 600px\" \/><\/p>\n<p>Programme stage cong\u00e9 d&#8217;automne 2024 du CEDAS ASBL destin\u00e9 aux jeunes de 12 \u00e0 26 ans.<\/p>\n<p>Activit\u00e9s culturelles, r\u00e9cr\u00e9atives et de coh\u00e9sion groupe avec des animateurs et des animatrices du centre de jeunes.<\/p>\n<p>Les inscriptions se font sur place au CEDAS ASBL (210 Rue Verte, 1030 Schaerbeek), de 16h \u00e0 19h (sauf les mercredis, de 14h \u00e0 19h).<\/p>\n<p>Pour toute information suppl\u00e9mentaire, les personnes int\u00e9ress\u00e9es peuvent nous joindre au 0493 488 781.<\/p>\n<p><a href=\"https:\/\/buurtinfoquartier.be\/wp-content\/uploads\/2024\/10\/Programme-conges-dautomne-CJ-2024.pdf\">Programme-conges-dautomne-CJ-2024<\/a><\/p>\n","protected":false},"excerpt":{"rendered":"<p>Le CEDAS organise des stages pour le cong\u00e9 d&#8217;automne pour les jeunes de 12 \u00e0 26 ans.<\/p>\n","protected":false},"author":15,"featured_media":1620,"template":"","meta":{"_tec_requires_first_save":false,"_monsterinsights_skip_tracking":false,"_monsterinsights_sitenote_active":false,"_monsterinsights_sitenote_note":"","_monsterinsights_sitenote_category":0,"_EventAllDay":false,"_EventTimezone":"Europe\/Brussels","_EventStartDate":"2024-10-14 16:00:00","_EventEndDate":"2024-10-16 19:00:00","_EventStartDateUTC":"2024-10-14 14:00:00","_EventEndDateUTC":"2024-10-16 17:00:00","_EventShowMap":true,"_EventShowMapLink":true,"_EventURL":"","_EventCost":"40","_EventCostDescription":"","_EventCurrencySymbol":"\u20ac","_EventCurrencyCode":"EUR","_EventCurrencyPosition":"suffix","_EventDateTimeSeparator":"","_EventTimeRangeSeparator":"","_EventOrganizerID":[],"_EventVenueID":[2358],"_OrganizerEmail":"","_OrganizerPhone":"","_OrganizerWebsite":"","_VenueAddress":"","_VenueCity":"","_VenueCountry":"","_VenueProvince":"","_VenueState":"","_VenueZip":"","_VenuePhone":"","_VenueURL":"","_VenueStateProvince":"","_VenueLat":"","_VenueLng":"","_VenueShowMap":false,"_VenueShowMapLink":false,"_tribe_blocks_recurrence_rules":"","_tribe_blocks_recurrence_description":"","_tribe_blocks_recurrence_exclusions":"","_tribe_events_status":"","_tribe_events_status_reason":"","_tribe_events_is_hybrid":"","_tribe_events_is_virtual":"","_tribe_events_virtual_video_source":"","_tribe_events_virtual_embed_video":"","_tribe_events_virtual_linked_button_text":"","_tribe_events_virtual_linked_button":"","_tribe_events_virtual_show_embed_at":"","_tribe_events_virtual_show_embed_to":[],"_tribe_events_virtual_show_on_event":"","_tribe_events_virtual_show_on_views":"","_tribe_events_virtual_url":"","footnotes":""},"tags":[440],"tribe_events_cat":[736],"class_list":["post-2353","tribe_events","type-tribe_events","status-publish","has-post-thumbnail","hentry","tag-ados","tribe_events_cat-stages","cat_stages"],"_links":{"self":[{"href":"https:\/\/buurtinfoquartier.be\/nl\/wp-json\/wp\/v2\/tribe_events\/2353","targetHints":{"allow":["GET"]}}],"collection":[{"href":"https:\/\/buurtinfoquartier.be\/nl\/wp-json\/wp\/v2\/tribe_events"}],"about":[{"href":"https:\/\/buurtinfoquartier.be\/nl\/wp-json\/wp\/v2\/types\/tribe_events"}],"author":[{"embeddable":true,"href":"https:\/\/buurtinfoquartier.be\/nl\/wp-json\/wp\/v2\/users\/15"}],"version-history":[{"count":1,"href":"https:\/\/buurtinfoquartier.be\/nl\/wp-json\/wp\/v2\/tribe_events\/2353\/revisions"}],"predecessor-version":[{"id":2359,"href":"https:\/\/buurtinfoquartier.be\/nl\/wp-json\/wp\/v2\/tribe_events\/2353\/revisions\/2359"}],"wp:featuredmedia":[{"embeddable":true,"href":"https:\/\/buurtinfoquartier.be\/nl\/wp-json\/wp\/v2\/media\/1620"}],"wp:attachment":[{"href":"https:\/\/buurtinfoquartier.be\/nl\/wp-json\/wp\/v2\/media?parent=2353"}],"wp:term":[{"taxonomy":"post_tag","embeddable":true,"href":"https:\/\/buurtinfoquartier.be\/nl\/wp-json\/wp\/v2\/tags?post=2353"},{"taxonomy":"tribe_events_cat","embeddable":true,"href":"https:\/\/buurtinfoquartier.be\/nl\/wp-json\/wp\/v2\/tribe_events_cat?post=2353"}],"curies":[{"name":"wp","href":"https:\/\/api.w.org\/{rel}","templated":true}]}}

<p><img loading="lazy" decoding="async" class="alignnone size-medium wp-image-2356" src="https://buurtinfoquartier.be/wp-content/uploads/2024/10/programme-conges-dautomne-CJ-2024-600x217.png" alt="programme automne cedas" width="600" height="217" srcset="https://buurtinfoquartier.be/wp-content/uploads/2024/10/programme-conges-dautomne-CJ-2024-600x217.png 600w, https://buurtinfoquartier.be/wp-content/uploads/2024/10/programme-conges-dautomne-CJ-2024.png 605w" sizes="auto, (max-width: 600px) 100vw, 600px" /></p>
<p>Programme stage congé d&#8217;automne 2024 du CEDAS ASBL destiné aux jeunes de 12 à 26 ans.</p>
<p>Activités culturelles, récréatives et de cohésion groupe avec des animateurs et des animatrices du centre de jeunes.</p>
<p>Les inscriptions se font sur place au CEDAS ASBL (210 Rue Verte, 1030 Schaerbeek), de 16h à 19h (sauf les mercredis, de 14h à 19h).</p>
<p>Pour toute information supplémentaire, les personnes intéressées peuvent nous joindre au 0493 488 781.</p>
<p><a href="https://buurtinfoquartier.be/wp-content/uploads/2024/10/Programme-conges-dautomne-CJ-2024.pdf">Programme-conges-dautomne-CJ-2024</a></p>

<p>Le CEDAS organise des stages pour le congé d&#8217;automne pour les jeunes de 12 à 26 ans.</p>
