{"id":2292,"date":"2024-09-25T15:34:04","date_gmt":"2024-09-25T13:34:04","guid":{"rendered":"https:\/\/buurtinfoquartier.be\/?post_type=tribe_events&#038;p=2292"},"modified":"2024-09-25T15:34:04","modified_gmt":"2024-09-25T13:34:04","slug":"tournoi-basketball-3x3","status":"publish","type":"tribe_events","link":"https:\/\/buurtinfoquartier.be\/nl\/agenda\/tournoi-basketball-3x3\/","title":{"rendered":"Tournoi basketball 3&#215;3"},"content":{"rendered":"<p>Tournoi Basketball 3&#215;3<\/p>\n<p>Cat\u00e9gories: 7-10\/ 11-15\/ 15+\/ parents-enfants<\/p>\n<p>Inscription gratuite \u00e0 AtMOsph\u00e8res AMO, 450 Chaus\u00e9e de Haecht 1030 Bruxelles. Ou possibilit\u00e9 d&#8217;inscription le jour m\u00eame de 10h \u00e0 11h.<\/p>\n<p>Info: 02 218 87 88 | 0484 95 32 88<\/p>\n","protected":false},"excerpt":{"rendered":"<p>Tournoi Basketball 3&#215;3 Cat\u00e9gories: 7-10\/ 11-15\/ 15+\/ parents-enfants Inscription gratuite \u00e0 AtMOsph\u00e8res AMO, 450 Chaus\u00e9e de Haecht 1030 Bruxelles. Ou possibilit\u00e9 d&#8217;inscription le jour m\u00eame de 10h \u00e0 11h. Info: [&hellip;]<\/p>\n","protected":false},"author":10,"featured_media":2293,"template":"","meta":{"_tec_requires_first_save":false,"_monsterinsights_skip_tracking":false,"_monsterinsights_sitenote_active":false,"_monsterinsights_sitenote_note":"","_monsterinsights_sitenote_category":0,"_EventAllDay":false,"_EventTimezone":"Europe\/Brussels","_EventStartDate":"2024-09-28 10:00:00","_EventEndDate":"2024-09-28 16:00:00","_EventStartDateUTC":"2024-09-28 08:00:00","_EventEndDateUTC":"2024-09-28 14:00:00","_EventShowMap":true,"_EventShowMapLink":true,"_EventURL":"https:\/\/www.facebook.com\/atmospheres.amo\/?locale=fr_FR","_EventCost":"0","_EventCostDescription":"","_EventCurrencySymbol":"\u20ac","_EventCurrencyCode":"EUR","_EventCurrencyPosition":"suffix","_EventDateTimeSeparator":"","_EventTimeRangeSeparator":"","_EventOrganizerID":[],"_EventVenueID":[1366],"_OrganizerEmail":"","_OrganizerPhone":"","_OrganizerWebsite":"","_VenueAddress":"","_VenueCity":"","_VenueCountry":"","_VenueProvince":"","_VenueState":"","_VenueZip":"","_VenuePhone":"","_VenueURL":"","_VenueStateProvince":"","_VenueLat":"","_VenueLng":"","_VenueShowMap":false,"_VenueShowMapLink":false,"_tribe_blocks_recurrence_rules":"","_tribe_blocks_recurrence_description":"","_tribe_blocks_recurrence_exclusions":"","_tribe_events_status":"","_tribe_events_status_reason":"","_tribe_events_is_hybrid":"","_tribe_events_is_virtual":"","_tribe_events_virtual_video_source":"","_tribe_events_virtual_embed_video":"","_tribe_events_virtual_linked_button_text":"","_tribe_events_virtual_linked_button":"","_tribe_events_virtual_show_embed_at":"","_tribe_events_virtual_show_embed_to":[],"_tribe_events_virtual_show_on_event":"","_tribe_events_virtual_show_on_views":"","_tribe_events_virtual_url":"","footnotes":""},"tags":[440,442],"tribe_events_cat":[437],"class_list":["post-2292","tribe_events","type-tribe_events","status-publish","has-post-thumbnail","hentry","tag-ados","tag-enfants","tribe_events_cat-evenements-et-festivites","cat_evenements-et-festivites"],"_links":{"self":[{"href":"https:\/\/buurtinfoquartier.be\/nl\/wp-json\/wp\/v2\/tribe_events\/2292","targetHints":{"allow":["GET"]}}],"collection":[{"href":"https:\/\/buurtinfoquartier.be\/nl\/wp-json\/wp\/v2\/tribe_events"}],"about":[{"href":"https:\/\/buurtinfoquartier.be\/nl\/wp-json\/wp\/v2\/types\/tribe_events"}],"author":[{"embeddable":true,"href":"https:\/\/buurtinfoquartier.be\/nl\/wp-json\/wp\/v2\/users\/10"}],"version-history":[{"count":1,"href":"https:\/\/buurtinfoquartier.be\/nl\/wp-json\/wp\/v2\/tribe_events\/2292\/revisions"}],"predecessor-version":[{"id":2295,"href":"https:\/\/buurtinfoquartier.be\/nl\/wp-json\/wp\/v2\/tribe_events\/2292\/revisions\/2295"}],"wp:featuredmedia":[{"embeddable":true,"href":"https:\/\/buurtinfoquartier.be\/nl\/wp-json\/wp\/v2\/media\/2293"}],"wp:attachment":[{"href":"https:\/\/buurtinfoquartier.be\/nl\/wp-json\/wp\/v2\/media?parent=2292"}],"wp:term":[{"taxonomy":"post_tag","embeddable":true,"href":"https:\/\/buurtinfoquartier.be\/nl\/wp-json\/wp\/v2\/tags?post=2292"},{"taxonomy":"tribe_events_cat","embeddable":true,"href":"https:\/\/buurtinfoquartier.be\/nl\/wp-json\/wp\/v2\/tribe_events_cat?post=2292"}],"curies":[{"name":"wp","href":"https:\/\/api.w.org\/{rel}","templated":true}]}}

<p>Tournoi Basketball 3&#215;3</p>
<p>Catégories: 7-10/ 11-15/ 15+/ parents-enfants</p>
<p>Inscription gratuite à AtMOsphères AMO, 450 Chausée de Haecht 1030 Bruxelles. Ou possibilité d&#8217;inscription le jour même de 10h à 11h.</p>
<p>Info: 02 218 87 88 | 0484 95 32 88</p>

<p>Tournoi Basketball 3&#215;3 Catégories: 7-10/ 11-15/ 15+/ parents-enfants Inscription gratuite à AtMOsphères AMO, 450 Chausée de Haecht 1030 Bruxelles. Ou possibilité d&#8217;inscription le jour même de 10h à 11h. Info: [&hellip;]</p>
