{"id":2240,"date":"2024-09-11T18:24:42","date_gmt":"2024-09-11T16:24:42","guid":{"rendered":"https:\/\/buurtinfoquartier.be\/?post_type=tribe_events&#038;p=2240"},"modified":"2024-09-16T17:10:42","modified_gmt":"2024-09-16T15:10:42","slug":"journee-sans-voitures","status":"publish","type":"tribe_events","link":"https:\/\/buurtinfoquartier.be\/nl\/agenda\/journee-sans-voitures\/","title":{"rendered":"Journ\u00e9e sans voitures!"},"content":{"rendered":"<p><strong>Des activit\u00e9s pour les voisins de tous les \u00e2ges!<\/strong><\/p>\n<ul>\n<li>Food | drinks<\/li>\n<li>Nija Village : parcrous, tire \u00e0 l&#8217;arc, sport combat<\/li>\n<li>Grime, jeux<\/li>\n<li>Musique en accord\u00e9on avec Giovalin Nonaj<\/li>\n<li>D\u00e9fil\u00e9: Marionette de la mascote et des petits renardeaux<\/li>\n<li>Promenande en Tuktuk dans le quartier.<\/li>\n<\/ul>\n<p><img loading=\"lazy\" decoding=\"async\" class=\"alignnone size-medium wp-image-2255\" src=\"https:\/\/buurtinfoquartier.be\/wp-content\/uploads\/2024\/09\/Buurtfeest-in-de-Groenstraat-fete-de-quartier-dans-la-rue-verte-600x849.png\" alt=\"\" width=\"600\" height=\"849\" srcset=\"https:\/\/buurtinfoquartier.be\/wp-content\/uploads\/2024\/09\/Buurtfeest-in-de-Groenstraat-fete-de-quartier-dans-la-rue-verte-600x849.png 600w, https:\/\/buurtinfoquartier.be\/wp-content\/uploads\/2024\/09\/Buurtfeest-in-de-Groenstraat-fete-de-quartier-dans-la-rue-verte-724x1024.png 724w, https:\/\/buurtinfoquartier.be\/wp-content\/uploads\/2024\/09\/Buurtfeest-in-de-Groenstraat-fete-de-quartier-dans-la-rue-verte-768x1086.png 768w, https:\/\/buurtinfoquartier.be\/wp-content\/uploads\/2024\/09\/Buurtfeest-in-de-Groenstraat-fete-de-quartier-dans-la-rue-verte-1086x1536.png 1086w, https:\/\/buurtinfoquartier.be\/wp-content\/uploads\/2024\/09\/Buurtfeest-in-de-Groenstraat-fete-de-quartier-dans-la-rue-verte.png 1414w\" sizes=\"auto, (max-width: 600px) 100vw, 600px\" \/><\/p>\n","protected":false},"excerpt":{"rendered":"<p>Des activit\u00e9s pour les voisins de tous les \u00e2ges!\u00a0<\/p>\n","protected":false},"author":14,"featured_media":2243,"template":"","meta":{"_tec_requires_first_save":false,"_monsterinsights_skip_tracking":false,"_monsterinsights_sitenote_active":false,"_monsterinsights_sitenote_note":"","_monsterinsights_sitenote_category":0,"_EventAllDay":false,"_EventTimezone":"Europe\/Brussels","_EventStartDate":"2024-09-22 13:00:00","_EventEndDate":"2024-09-22 17:00:00","_EventStartDateUTC":"2024-09-22 11:00:00","_EventEndDateUTC":"2024-09-22 15:00:00","_EventShowMap":true,"_EventShowMapLink":true,"_EventURL":"","_EventCost":"","_EventCostDescription":"","_EventCurrencySymbol":"\u20ac","_EventCurrencyCode":"EUR","_EventCurrencyPosition":"suffix","_EventDateTimeSeparator":"","_EventTimeRangeSeparator":"","_EventOrganizerID":[],"_EventVenueID":[2241],"_OrganizerEmail":"","_OrganizerPhone":"","_OrganizerWebsite":"","_VenueAddress":"","_VenueCity":"","_VenueCountry":"","_VenueProvince":"","_VenueState":"","_VenueZip":"","_VenuePhone":"","_VenueURL":"","_VenueStateProvince":"","_VenueLat":"","_VenueLng":"","_VenueShowMap":false,"_VenueShowMapLink":false,"_tribe_blocks_recurrence_rules":"","_tribe_blocks_recurrence_description":"","_tribe_blocks_recurrence_exclusions":"","_tribe_events_status":"","_tribe_events_status_reason":"","_tribe_events_is_hybrid":"","_tribe_events_is_virtual":"","_tribe_events_virtual_video_source":"","_tribe_events_virtual_embed_video":"","_tribe_events_virtual_linked_button_text":"","_tribe_events_virtual_linked_button":"","_tribe_events_virtual_show_embed_at":"","_tribe_events_virtual_show_embed_to":[],"_tribe_events_virtual_show_on_event":"","_tribe_events_virtual_show_on_views":"","_tribe_events_virtual_url":"","footnotes":""},"tags":[445],"tribe_events_cat":[437],"class_list":["post-2240","tribe_events","type-tribe_events","status-publish","has-post-thumbnail","hentry","tag-tous","tribe_events_cat-evenements-et-festivites","cat_evenements-et-festivites"],"_links":{"self":[{"href":"https:\/\/buurtinfoquartier.be\/nl\/wp-json\/wp\/v2\/tribe_events\/2240","targetHints":{"allow":["GET"]}}],"collection":[{"href":"https:\/\/buurtinfoquartier.be\/nl\/wp-json\/wp\/v2\/tribe_events"}],"about":[{"href":"https:\/\/buurtinfoquartier.be\/nl\/wp-json\/wp\/v2\/types\/tribe_events"}],"author":[{"embeddable":true,"href":"https:\/\/buurtinfoquartier.be\/nl\/wp-json\/wp\/v2\/users\/14"}],"version-history":[{"count":3,"href":"https:\/\/buurtinfoquartier.be\/nl\/wp-json\/wp\/v2\/tribe_events\/2240\/revisions"}],"predecessor-version":[{"id":2258,"href":"https:\/\/buurtinfoquartier.be\/nl\/wp-json\/wp\/v2\/tribe_events\/2240\/revisions\/2258"}],"wp:featuredmedia":[{"embeddable":true,"href":"https:\/\/buurtinfoquartier.be\/nl\/wp-json\/wp\/v2\/media\/2243"}],"wp:attachment":[{"href":"https:\/\/buurtinfoquartier.be\/nl\/wp-json\/wp\/v2\/media?parent=2240"}],"wp:term":[{"taxonomy":"post_tag","embeddable":true,"href":"https:\/\/buurtinfoquartier.be\/nl\/wp-json\/wp\/v2\/tags?post=2240"},{"taxonomy":"tribe_events_cat","embeddable":true,"href":"https:\/\/buurtinfoquartier.be\/nl\/wp-json\/wp\/v2\/tribe_events_cat?post=2240"}],"curies":[{"name":"wp","href":"https:\/\/api.w.org\/{rel}","templated":true}]}}

Journée sans voitures!

<p><strong>Des activités pour les voisins de tous les âges!</strong></p>
<ul>
<li>Food | drinks</li>
<li>Nija Village : parcrous, tire à l&#8217;arc, sport combat</li>
<li>Grime, jeux</li>
<li>Musique en accordéon avec Giovalin Nonaj</li>
<li>Défilé: Marionette de la mascote et des petits renardeaux</li>
<li>Promenande en Tuktuk dans le quartier.</li>
</ul>
<p><img loading="lazy" decoding="async" class="alignnone size-medium wp-image-2255" src="https://buurtinfoquartier.be/wp-content/uploads/2024/09/Buurtfeest-in-de-Groenstraat-fete-de-quartier-dans-la-rue-verte-600x849.png" alt="" width="600" height="849" srcset="https://buurtinfoquartier.be/wp-content/uploads/2024/09/Buurtfeest-in-de-Groenstraat-fete-de-quartier-dans-la-rue-verte-600x849.png 600w, https://buurtinfoquartier.be/wp-content/uploads/2024/09/Buurtfeest-in-de-Groenstraat-fete-de-quartier-dans-la-rue-verte-724x1024.png 724w, https://buurtinfoquartier.be/wp-content/uploads/2024/09/Buurtfeest-in-de-Groenstraat-fete-de-quartier-dans-la-rue-verte-768x1086.png 768w, https://buurtinfoquartier.be/wp-content/uploads/2024/09/Buurtfeest-in-de-Groenstraat-fete-de-quartier-dans-la-rue-verte-1086x1536.png 1086w, https://buurtinfoquartier.be/wp-content/uploads/2024/09/Buurtfeest-in-de-Groenstraat-fete-de-quartier-dans-la-rue-verte.png 1414w" sizes="auto, (max-width: 600px) 100vw, 600px" /></p>

<p>Des activités pour les voisins de tous les âges! </p>
