{"id":2229,"date":"2024-09-09T18:10:36","date_gmt":"2024-09-09T16:10:36","guid":{"rendered":"https:\/\/buurtinfoquartier.be\/?post_type=tribe_events&#038;p=2229"},"modified":"2024-09-09T18:12:55","modified_gmt":"2024-09-09T16:12:55","slug":"ouverture-bebetheque-aksent-schaerbeek","status":"publish","type":"tribe_events","link":"https:\/\/buurtinfoquartier.be\/nl\/agenda\/ouverture-bebetheque-aksent-schaerbeek\/","title":{"rendered":"Ouverture B\u00e9b\u00e9th\u00e8que | Aksent Schaerbeek"},"content":{"rendered":"<p>Nous avons\u00a0le plaisir de vous inviter \u00e0 la r\u00e9ception d&#8217;ouverture de la B\u00e9b\u00e9th\u00e8que Aksent.<\/p>\n<p>Une B\u00e9b\u00e9th\u00e8que est un syst\u00e8me de pr\u00eat pratique d&#8217;articles pour b\u00e9b\u00e9s dont vous n&#8217;avez besoin que pour une courte p\u00e9riode. Tout comme vous allez \u00e0 la biblioth\u00e8que pour emprunter des livres, vous pouvez vous rendre \u00e0 la B\u00e9b\u00e9th\u00e8que pour emprunter du mat\u00e9riel de b\u00e9b\u00e9. La B\u00e9b\u00e9th\u00e8que est l\u00e0 pour tout le monde : parents et grands-parents, riches ou pauvres, familles nouvellement compos\u00e9es ou c\u00e9libataires,&#8230;<\/p>\n<p><img loading=\"lazy\" decoding=\"async\" class=\"size-medium wp-image-2230 aligncenter\" src=\"https:\/\/buurtinfoquartier.be\/wp-content\/uploads\/2024\/09\/240917-Opening-Babytheek-Aksent-Schaarbeek-600x424.jpg\" alt=\"Inauguration babytheek - Aksent\" width=\"600\" height=\"424\" srcset=\"https:\/\/buurtinfoquartier.be\/wp-content\/uploads\/2024\/09\/240917-Opening-Babytheek-Aksent-Schaarbeek-600x424.jpg 600w, https:\/\/buurtinfoquartier.be\/wp-content\/uploads\/2024\/09\/240917-Opening-Babytheek-Aksent-Schaarbeek-1024x724.jpg 1024w, https:\/\/buurtinfoquartier.be\/wp-content\/uploads\/2024\/09\/240917-Opening-Babytheek-Aksent-Schaarbeek-768x543.jpg 768w, https:\/\/buurtinfoquartier.be\/wp-content\/uploads\/2024\/09\/240917-Opening-Babytheek-Aksent-Schaarbeek-1536x1086.jpg 1536w, https:\/\/buurtinfoquartier.be\/wp-content\/uploads\/2024\/09\/240917-Opening-Babytheek-Aksent-Schaarbeek.jpg 2000w\" sizes=\"auto, (max-width: 600px) 100vw, 600px\" \/><\/p>\n<p>NL:<br \/>\nWe nodigen u van harte uit op de openingsreceptie van Babytheek Aksent Schaarbeek.<\/p>\n<p>Een Babytheek is een handig uitleensysteem voor babyspullen die je slechts kort nodig hebt. Net zoals je naar de bibliotheek gaat om boeken te ontlenen, kan je naar de Babytheek voor babyspullen. De Babytheek is er voor iedereen: ouders en grootouders, arm of rijk, nieuw samengestelde gezinnen of alleenstaanden&#8230;<\/p>\n","protected":false},"excerpt":{"rendered":"<p>Une B\u00e9b\u00e9th\u00e8que ouvre \u00e0 la rue liedts! Un syst\u00e8me de pr\u00eat pratique d&#8217;articles pour b\u00e9b\u00e9s dont vous n&#8217;avez besoin que pour une courte p\u00e9riode.<\/p>\n","protected":false},"author":14,"featured_media":2236,"template":"","meta":{"_tec_requires_first_save":false,"_monsterinsights_skip_tracking":false,"_monsterinsights_sitenote_active":false,"_monsterinsights_sitenote_note":"","_monsterinsights_sitenote_category":0,"_EventAllDay":false,"_EventTimezone":"Europe\/Brussels","_EventStartDate":"2024-09-17 15:00:00","_EventEndDate":"2024-09-17 17:30:00","_EventStartDateUTC":"2024-09-17 13:00:00","_EventEndDateUTC":"2024-09-17 15:30:00","_EventShowMap":true,"_EventShowMapLink":true,"_EventURL":"https:\/\/babytheekaksentschaarbeek.myturn.com\/library\/","_EventCost":"","_EventCostDescription":"","_EventCurrencySymbol":"\u20ac","_EventCurrencyCode":"EUR","_EventCurrencyPosition":"suffix","_EventDateTimeSeparator":"","_EventTimeRangeSeparator":"","_EventOrganizerID":[],"_EventVenueID":[2234],"_OrganizerEmail":"","_OrganizerPhone":"","_OrganizerWebsite":"","_VenueAddress":"","_VenueCity":"","_VenueCountry":"","_VenueProvince":"","_VenueState":"","_VenueZip":"","_VenuePhone":"","_VenueURL":"","_VenueStateProvince":"","_VenueLat":"","_VenueLng":"","_VenueShowMap":false,"_VenueShowMapLink":false,"_tribe_blocks_recurrence_rules":"","_tribe_blocks_recurrence_description":"","_tribe_blocks_recurrence_exclusions":"","_tribe_events_status":"","_tribe_events_status_reason":"","_tribe_events_is_hybrid":"","_tribe_events_is_virtual":"","_tribe_events_virtual_video_source":"","_tribe_events_virtual_embed_video":"","_tribe_events_virtual_linked_button_text":"","_tribe_events_virtual_linked_button":"","_tribe_events_virtual_show_embed_at":"","_tribe_events_virtual_show_embed_to":[],"_tribe_events_virtual_show_on_event":"","_tribe_events_virtual_show_on_views":"","_tribe_events_virtual_url":"","footnotes":""},"tags":[441],"tribe_events_cat":[437],"class_list":["post-2229","tribe_events","type-tribe_events","status-publish","has-post-thumbnail","hentry","tag-adultes","tribe_events_cat-evenements-et-festivites","cat_evenements-et-festivites"],"_links":{"self":[{"href":"https:\/\/buurtinfoquartier.be\/nl\/wp-json\/wp\/v2\/tribe_events\/2229","targetHints":{"allow":["GET"]}}],"collection":[{"href":"https:\/\/buurtinfoquartier.be\/nl\/wp-json\/wp\/v2\/tribe_events"}],"about":[{"href":"https:\/\/buurtinfoquartier.be\/nl\/wp-json\/wp\/v2\/types\/tribe_events"}],"author":[{"embeddable":true,"href":"https:\/\/buurtinfoquartier.be\/nl\/wp-json\/wp\/v2\/users\/14"}],"version-history":[{"count":1,"href":"https:\/\/buurtinfoquartier.be\/nl\/wp-json\/wp\/v2\/tribe_events\/2229\/revisions"}],"predecessor-version":[{"id":2235,"href":"https:\/\/buurtinfoquartier.be\/nl\/wp-json\/wp\/v2\/tribe_events\/2229\/revisions\/2235"}],"wp:featuredmedia":[{"embeddable":true,"href":"https:\/\/buurtinfoquartier.be\/nl\/wp-json\/wp\/v2\/media\/2236"}],"wp:attachment":[{"href":"https:\/\/buurtinfoquartier.be\/nl\/wp-json\/wp\/v2\/media?parent=2229"}],"wp:term":[{"taxonomy":"post_tag","embeddable":true,"href":"https:\/\/buurtinfoquartier.be\/nl\/wp-json\/wp\/v2\/tags?post=2229"},{"taxonomy":"tribe_events_cat","embeddable":true,"href":"https:\/\/buurtinfoquartier.be\/nl\/wp-json\/wp\/v2\/tribe_events_cat?post=2229"}],"curies":[{"name":"wp","href":"https:\/\/api.w.org\/{rel}","templated":true}]}}

Ouverture Bébéthèque | Aksent Schaerbeek

<p>Nous avons le plaisir de vous inviter à la réception d&#8217;ouverture de la Bébéthèque Aksent.</p>
<p>Une Bébéthèque est un système de prêt pratique d&#8217;articles pour bébés dont vous n&#8217;avez besoin que pour une courte période. Tout comme vous allez à la bibliothèque pour emprunter des livres, vous pouvez vous rendre à la Bébéthèque pour emprunter du matériel de bébé. La Bébéthèque est là pour tout le monde : parents et grands-parents, riches ou pauvres, familles nouvellement composées ou célibataires,&#8230;</p>
<p><img loading="lazy" decoding="async" class="size-medium wp-image-2230 aligncenter" src="https://buurtinfoquartier.be/wp-content/uploads/2024/09/240917-Opening-Babytheek-Aksent-Schaarbeek-600x424.jpg" alt="Inauguration babytheek - Aksent" width="600" height="424" srcset="https://buurtinfoquartier.be/wp-content/uploads/2024/09/240917-Opening-Babytheek-Aksent-Schaarbeek-600x424.jpg 600w, https://buurtinfoquartier.be/wp-content/uploads/2024/09/240917-Opening-Babytheek-Aksent-Schaarbeek-1024x724.jpg 1024w, https://buurtinfoquartier.be/wp-content/uploads/2024/09/240917-Opening-Babytheek-Aksent-Schaarbeek-768x543.jpg 768w, https://buurtinfoquartier.be/wp-content/uploads/2024/09/240917-Opening-Babytheek-Aksent-Schaarbeek-1536x1086.jpg 1536w, https://buurtinfoquartier.be/wp-content/uploads/2024/09/240917-Opening-Babytheek-Aksent-Schaarbeek.jpg 2000w" sizes="auto, (max-width: 600px) 100vw, 600px" /></p>
<p>NL:<br />
We nodigen u van harte uit op de openingsreceptie van Babytheek Aksent Schaarbeek.</p>
<p>Een Babytheek is een handig uitleensysteem voor babyspullen die je slechts kort nodig hebt. Net zoals je naar de bibliotheek gaat om boeken te ontlenen, kan je naar de Babytheek voor babyspullen. De Babytheek is er voor iedereen: ouders en grootouders, arm of rijk, nieuw samengestelde gezinnen of alleenstaanden&#8230;</p>

<p>Une Bébéthèque ouvre à la rue liedts! Un système de prêt pratique d&#8217;articles pour bébés dont vous n&#8217;avez besoin que pour une courte période.</p>
