{"id":1518,"date":"2024-06-18T11:06:19","date_gmt":"2024-06-18T09:06:19","guid":{"rendered":"https:\/\/buurtinfoquartier.be\/?post_type=tribe_events&#038;p=1518"},"modified":"2024-06-18T11:29:55","modified_gmt":"2024-06-18T09:29:55","slug":"le-grand-marche-des-halles-de-schaerbeek","status":"publish","type":"tribe_events","link":"https:\/\/buurtinfoquartier.be\/nl\/agenda\/le-grand-marche-des-halles-de-schaerbeek\/","title":{"rendered":"Le Grand March\u00e9 des Halles de Schaerbeek !"},"content":{"rendered":"<p>La fin de saison est synonyme de Grand March\u00e9. Nous ouvrons les portes au quartier et \u00e0 tous\u00b7tes celleux qui ont envie de faire vivre les espaces de l\u2019ancien march\u00e9 de la rue Royale Sainte-Marie.<\/p>\n<p>Le Grand March\u00e9 est une exp\u00e9rience de transformation des Halles et de cr\u00e9ation de liens improbables. Nous y installons des espaces artistiques mais aussi des lieux pour jouer, essayer des choses et pratiquer l\u2019art de la rencontre. Vous allez vivre Les Halles autrement !<\/p>\n<p>Pendant 10\u00a0jours, nous mettons en commerce ce que nous produisons de mieux: des id\u00e9es, des rencontres, des \u00e9motions et du temps pris autrement dans une joyeuse ambiance anarchique. Le Grand March\u00e9 se veut un espace de cr\u00e9ation d\u2019utopies, un joli chantier o\u00f9 se trouver des alli\u00e9s pour cr\u00e9er un nouveau folklore.<\/p>\n<p><img loading=\"lazy\" decoding=\"async\" class=\"alignnone wp-image-1519\" src=\"https:\/\/buurtinfoquartier.be\/wp-content\/uploads\/2024\/06\/grand-marche-halles-300x201.png\" alt=\"\" width=\"451\" height=\"302\" \/><a href=\"https:\/\/www.halles.be\/fr\/ag\/1595-le-grand-marche\"><span style=\"font-weight: 400;\">Programme complet ICI<\/span><\/a><\/p>\n","protected":false},"excerpt":{"rendered":"<p>Nous ouvrons les portes au quartier et \u00e0 tous\u00b7tes celleux qui ont envie de faire vivre les espaces de l\u2019ancien march\u00e9 de la rue Royale Sainte-Marie. Nous y installons des espaces artistiques mais aussi des lieux pour jouer, essayer des choses et pratiquer l\u2019art de la rencontre. <\/p>\n","protected":false},"author":15,"featured_media":1540,"template":"","meta":{"_tec_requires_first_save":false,"_monsterinsights_skip_tracking":false,"_monsterinsights_sitenote_active":false,"_monsterinsights_sitenote_note":"","_monsterinsights_sitenote_category":0,"_EventAllDay":true,"_EventTimezone":"Europe\/Brussels","_EventStartDate":"2024-06-28 00:00:00","_EventEndDate":"2024-07-07 23:59:59","_EventStartDateUTC":"2024-06-27 22:00:00","_EventEndDateUTC":"2024-07-07 21:59:59","_EventShowMap":true,"_EventShowMapLink":true,"_EventURL":"https:\/\/www.halles.be\/fr\/ag\/1595-le-grand-marche","_EventCost":"","_EventCostDescription":"","_EventCurrencySymbol":"\u20ac","_EventCurrencyCode":"EUR","_EventCurrencyPosition":"suffix","_EventDateTimeSeparator":"","_EventTimeRangeSeparator":"","_EventOrganizerID":[],"_EventVenueID":[1523],"_OrganizerEmail":"","_OrganizerPhone":"","_OrganizerWebsite":"","_VenueAddress":"","_VenueCity":"","_VenueCountry":"","_VenueProvince":"","_VenueState":"","_VenueZip":"","_VenuePhone":"","_VenueURL":"","_VenueStateProvince":"","_VenueLat":"","_VenueLng":"","_VenueShowMap":false,"_VenueShowMapLink":false,"_tribe_blocks_recurrence_rules":"","_tribe_blocks_recurrence_description":"","_tribe_blocks_recurrence_exclusions":"","_tribe_events_status":"","_tribe_events_status_reason":"","_tribe_events_is_hybrid":"","_tribe_events_is_virtual":"","_tribe_events_virtual_video_source":"","_tribe_events_virtual_embed_video":"","_tribe_events_virtual_linked_button_text":"","_tribe_events_virtual_linked_button":"","_tribe_events_virtual_show_embed_at":"","_tribe_events_virtual_show_embed_to":[],"_tribe_events_virtual_show_on_event":"","_tribe_events_virtual_show_on_views":"","_tribe_events_virtual_url":"","footnotes":""},"tags":[],"tribe_events_cat":[],"class_list":["post-1518","tribe_events","type-tribe_events","status-publish","has-post-thumbnail","hentry"],"_links":{"self":[{"href":"https:\/\/buurtinfoquartier.be\/nl\/wp-json\/wp\/v2\/tribe_events\/1518","targetHints":{"allow":["GET"]}}],"collection":[{"href":"https:\/\/buurtinfoquartier.be\/nl\/wp-json\/wp\/v2\/tribe_events"}],"about":[{"href":"https:\/\/buurtinfoquartier.be\/nl\/wp-json\/wp\/v2\/types\/tribe_events"}],"author":[{"embeddable":true,"href":"https:\/\/buurtinfoquartier.be\/nl\/wp-json\/wp\/v2\/users\/15"}],"version-history":[{"count":2,"href":"https:\/\/buurtinfoquartier.be\/nl\/wp-json\/wp\/v2\/tribe_events\/1518\/revisions"}],"predecessor-version":[{"id":1539,"href":"https:\/\/buurtinfoquartier.be\/nl\/wp-json\/wp\/v2\/tribe_events\/1518\/revisions\/1539"}],"wp:featuredmedia":[{"embeddable":true,"href":"https:\/\/buurtinfoquartier.be\/nl\/wp-json\/wp\/v2\/media\/1540"}],"wp:attachment":[{"href":"https:\/\/buurtinfoquartier.be\/nl\/wp-json\/wp\/v2\/media?parent=1518"}],"wp:term":[{"taxonomy":"post_tag","embeddable":true,"href":"https:\/\/buurtinfoquartier.be\/nl\/wp-json\/wp\/v2\/tags?post=1518"},{"taxonomy":"tribe_events_cat","embeddable":true,"href":"https:\/\/buurtinfoquartier.be\/nl\/wp-json\/wp\/v2\/tribe_events_cat?post=1518"}],"curies":[{"name":"wp","href":"https:\/\/api.w.org\/{rel}","templated":true}]}}

Le Grand Marché des Halles de Schaerbeek !

<p>La fin de saison est synonyme de Grand Marché. Nous ouvrons les portes au quartier et à tous·tes celleux qui ont envie de faire vivre les espaces de l’ancien marché de la rue Royale Sainte-Marie.</p>
<p>Le Grand Marché est une expérience de transformation des Halles et de création de liens improbables. Nous y installons des espaces artistiques mais aussi des lieux pour jouer, essayer des choses et pratiquer l’art de la rencontre. Vous allez vivre Les Halles autrement !</p>
<p>Pendant 10 jours, nous mettons en commerce ce que nous produisons de mieux: des idées, des rencontres, des émotions et du temps pris autrement dans une joyeuse ambiance anarchique. Le Grand Marché se veut un espace de création d’utopies, un joli chantier où se trouver des alliés pour créer un nouveau folklore.</p>
<p><img loading="lazy" decoding="async" class="alignnone wp-image-1519" src="https://buurtinfoquartier.be/wp-content/uploads/2024/06/grand-marche-halles-300x201.png" alt="" width="451" height="302" /><a href="https://www.halles.be/fr/ag/1595-le-grand-marche"><span style="font-weight: 400;">Programme complet ICI</span></a></p>

<p>Nous ouvrons les portes au quartier et à tous·tes celleux qui ont envie de faire vivre les espaces de l’ancien marché de la rue Royale Sainte-Marie. Nous y installons des espaces artistiques mais aussi des lieux pour jouer, essayer des choses et pratiquer l’art de la rencontre. </p>
