{"id":1304,"date":"2024-02-27T19:01:56","date_gmt":"2024-02-27T18:01:56","guid":{"rendered":"https:\/\/buurtinfoquartier.be\/?post_type=tribe_events&#038;p=1304"},"modified":"2024-09-05T15:21:31","modified_gmt":"2024-09-05T13:21:31","slug":"living-reine","status":"publish","type":"tribe_events","link":"https:\/\/buurtinfoquartier.be\/nl\/agenda\/living-reine\/","title":{"rendered":"Living Reine"},"content":{"rendered":"\r\n<p><a href=\"https:\/\/www.renovas.be\/fr\/revitalisation-des-quartiers\/brabant-nord-saint-lazare-2018-2023\/je-participe\/article\/living-reine-avril-2024\">Le printemps am\u00e8ne plein d\u2019\u00e9v\u00e8nements sur et autour de la place de la Reine ! <b>Living Reine aura lieu le 15 mai 2024 de 14h \u00e0 17h<\/b>. Nous souhaitons vous inviter \u00e0 nous rejoindre sur la place pour des activit\u00e9s pour les grand.es et les petit.es.<\/a><\/p>\r\n<p>&nbsp;<\/p>\r\n<p><a href=\"https:\/\/www.renovas.be\/fr\/revitalisation-des-quartiers\/brabant-nord-saint-lazare-2018-2023\/je-participe\/article\/living-reine-avril-2024\"><b>Un aper\u00e7u du programme\u00a0: <\/b><\/a><\/p>\r\n<p><a href=\"https:\/\/www.renovas.be\/fr\/revitalisation-des-quartiers\/brabant-nord-saint-lazare-2018-2023\/je-participe\/article\/living-reine-avril-2024\">Balades en Tuk-Tuk Brabant | Visites guid\u00e9es du quartier | Pr\u00e9sentation du livre de coloriage Reine pas \u00e0 pas | Village v\u00e9lo | Ambiance musicale-ludique | Parcours sportif | Ateliers cr\u00e9atifs | Animation conseil en r\u00e9novation | &#8230;<\/a><\/p>\r\n<p>&nbsp;<\/p>\r\n<p><a href=\"https:\/\/www.renovas.be\/fr\/revitalisation-des-quartiers\/brabant-nord-saint-lazare-2018-2023\/je-participe\/article\/living-reine-avril-2024\"><b>Ou participer \u00e0 une visite guid\u00e9e dans le quartier<\/b><b><\/b><\/a><\/p>\r\n<p><a href=\"https:\/\/www.renovas.be\/fr\/revitalisation-des-quartiers\/brabant-nord-saint-lazare-2018-2023\/je-participe\/article\/living-reine-avril-2024\">\u00b7\u00a0\u00a0\u00a0\u00a0\u00a0\u00a0\u00a0\u00a0 15\/05 \u00e0 12h30\u00a0: Le quartier Brabant \u00e0 travers les yeux des habitants <b>(FR\/NL\/EN)<\/b><\/a><\/p>\r\n<p><a href=\"https:\/\/www.renovas.be\/fr\/revitalisation-des-quartiers\/brabant-nord-saint-lazare-2018-2023\/je-participe\/article\/living-reine-avril-2024\">\u00b7\u00a0\u00a0\u00a0\u00a0\u00a0\u00a0\u00a0\u00a0 15\/05 \u00e0 16h00 : L\u2019architecture \u00e0 pas cont\u00e9s <b>(FR\/NL\/EN)<\/b><\/a><\/p>\r\n<p><a href=\"https:\/\/www.renovas.be\/fr\/revitalisation-des-quartiers\/brabant-nord-saint-lazare-2018-2023\/je-participe\/article\/living-reine-avril-2024\">\u00b7\u00a0\u00a0\u00a0\u00a0\u00a0\u00a0\u00a0\u00a0 15\/05 \u00e0 16h30\u00a0: La rue Royale fait son cin\u00e9ma <b>(FR)<\/b><\/a><\/p>\r\n<p><a href=\"https:\/\/www.renovas.be\/fr\/revitalisation-des-quartiers\/brabant-nord-saint-lazare-2018-2023\/je-participe\/article\/living-reine-avril-2024\">(Inscription obligatoire via pdauwe@renovas.be)<b><\/b><\/a><\/p>\r\n<p>&nbsp;<\/p>\r\n<p><a href=\"https:\/\/www.renovas.be\/fr\/revitalisation-des-quartiers\/brabant-nord-saint-lazare-2018-2023\/je-participe\/article\/living-reine-avril-2024\"><b>Toutes les activit\u00e9s sont gratuites !<\/b><\/a><\/p>\r\n<p><a href=\"https:\/\/www.renovas.be\/fr\/revitalisation-des-quartiers\/brabant-nord-saint-lazare-2018-2023\/je-participe\/article\/living-reine-avril-2024\">Retrouvez le programme d\u00e9taill\u00e9 ici.<\/a><\/p>\r\n","protected":false},"excerpt":{"rendered":"<p>Le printemps am\u00e8ne plein d\u2019\u00e9v\u00e8nements sur et autour de la place de la Reine ! Living Reine aura lieu le 15 mai 2024 de 14h \u00e0 17h. Nous souhaitons vous [&hellip;]<\/p>\n","protected":false},"author":15,"featured_media":1472,"template":"","meta":{"_tec_requires_first_save":false,"_monsterinsights_skip_tracking":false,"_monsterinsights_sitenote_active":false,"_monsterinsights_sitenote_note":"","_monsterinsights_sitenote_category":0,"_EventAllDay":false,"_EventTimezone":"Europe\/Brussels","_EventStartDate":"2024-05-15 14:00:00","_EventEndDate":"2024-05-15 17:00:00","_EventStartDateUTC":"2024-05-15 12:00:00","_EventEndDateUTC":"2024-05-15 15:00:00","_EventShowMap":false,"_EventShowMapLink":false,"_EventURL":"https:\/\/www.renovas.be\/fr\/revitalisation-des-quartiers\/brabant-nord-saint-lazare-2018-2023\/je-participe\/article\/living-reine-avril-2024","_EventCost":"0","_EventCostDescription":"","_EventCurrencySymbol":"\u20ac","_EventCurrencyCode":"EUR","_EventCurrencyPosition":"suffix","_EventDateTimeSeparator":" @ ","_EventTimeRangeSeparator":" - ","_EventOrganizerID":[1136],"_EventVenueID":[1137],"_OrganizerEmail":"","_OrganizerPhone":"","_OrganizerWebsite":"","_VenueAddress":"","_VenueCity":"","_VenueCountry":"","_VenueProvince":"","_VenueState":"","_VenueZip":"","_VenuePhone":"","_VenueURL":"","_VenueStateProvince":"","_VenueLat":"","_VenueLng":"","_VenueShowMap":false,"_VenueShowMapLink":false,"_tribe_blocks_recurrence_rules":"","_tribe_blocks_recurrence_description":"","_tribe_blocks_recurrence_exclusions":"","_tribe_events_status":"","_tribe_events_status_reason":"","_tribe_events_is_hybrid":"","_tribe_events_is_virtual":"","_tribe_events_virtual_video_source":"","_tribe_events_virtual_embed_video":"","_tribe_events_virtual_linked_button_text":"","_tribe_events_virtual_linked_button":"","_tribe_events_virtual_show_embed_at":"","_tribe_events_virtual_show_embed_to":[],"_tribe_events_virtual_show_on_event":"","_tribe_events_virtual_show_on_views":"","_tribe_events_virtual_url":"","footnotes":""},"tags":[445],"tribe_events_cat":[437],"class_list":["post-1304","tribe_events","type-tribe_events","status-publish","has-post-thumbnail","hentry","tag-tous","tribe_events_cat-evenements-et-festivites","cat_evenements-et-festivites"],"_links":{"self":[{"href":"https:\/\/buurtinfoquartier.be\/nl\/wp-json\/wp\/v2\/tribe_events\/1304","targetHints":{"allow":["GET"]}}],"collection":[{"href":"https:\/\/buurtinfoquartier.be\/nl\/wp-json\/wp\/v2\/tribe_events"}],"about":[{"href":"https:\/\/buurtinfoquartier.be\/nl\/wp-json\/wp\/v2\/types\/tribe_events"}],"author":[{"embeddable":true,"href":"https:\/\/buurtinfoquartier.be\/nl\/wp-json\/wp\/v2\/users\/15"}],"version-history":[{"count":3,"href":"https:\/\/buurtinfoquartier.be\/nl\/wp-json\/wp\/v2\/tribe_events\/1304\/revisions"}],"predecessor-version":[{"id":2219,"href":"https:\/\/buurtinfoquartier.be\/nl\/wp-json\/wp\/v2\/tribe_events\/1304\/revisions\/2219"}],"wp:featuredmedia":[{"embeddable":true,"href":"https:\/\/buurtinfoquartier.be\/nl\/wp-json\/wp\/v2\/media\/1472"}],"wp:attachment":[{"href":"https:\/\/buurtinfoquartier.be\/nl\/wp-json\/wp\/v2\/media?parent=1304"}],"wp:term":[{"taxonomy":"post_tag","embeddable":true,"href":"https:\/\/buurtinfoquartier.be\/nl\/wp-json\/wp\/v2\/tags?post=1304"},{"taxonomy":"tribe_events_cat","embeddable":true,"href":"https:\/\/buurtinfoquartier.be\/nl\/wp-json\/wp\/v2\/tribe_events_cat?post=1304"}],"curies":[{"name":"wp","href":"https:\/\/api.w.org\/{rel}","templated":true}]}}

<p><a href="https://www.renovas.be/fr/revitalisation-des-quartiers/brabant-nord-saint-lazare-2018-2023/je-participe/article/living-reine-avril-2024">Le printemps amène plein d’évènements sur et autour de la place de la Reine ! <b>Living Reine aura lieu le 15 mai 2024 de 14h à 17h</b>. Nous souhaitons vous inviter à nous rejoindre sur la place pour des activités pour les grand.es et les petit.es.</a></p>
<p>&nbsp;</p>
<p><a href="https://www.renovas.be/fr/revitalisation-des-quartiers/brabant-nord-saint-lazare-2018-2023/je-participe/article/living-reine-avril-2024"><b>Un aperçu du programme : </b></a></p>
<p><a href="https://www.renovas.be/fr/revitalisation-des-quartiers/brabant-nord-saint-lazare-2018-2023/je-participe/article/living-reine-avril-2024">Balades en Tuk-Tuk Brabant | Visites guidées du quartier | Présentation du livre de coloriage Reine pas à pas | Village vélo | Ambiance musicale-ludique | Parcours sportif | Ateliers créatifs | Animation conseil en rénovation | &#8230;</a></p>
<p>&nbsp;</p>
<p><a href="https://www.renovas.be/fr/revitalisation-des-quartiers/brabant-nord-saint-lazare-2018-2023/je-participe/article/living-reine-avril-2024"><b>Ou participer à une visite guidée dans le quartier</b><b></b></a></p>
<p><a href="https://www.renovas.be/fr/revitalisation-des-quartiers/brabant-nord-saint-lazare-2018-2023/je-participe/article/living-reine-avril-2024">·         15/05 à 12h30 : Le quartier Brabant à travers les yeux des habitants <b>(FR/NL/EN)</b></a></p>
<p><a href="https://www.renovas.be/fr/revitalisation-des-quartiers/brabant-nord-saint-lazare-2018-2023/je-participe/article/living-reine-avril-2024">·         15/05 à 16h00 : L’architecture à pas contés <b>(FR/NL/EN)</b></a></p>
<p><a href="https://www.renovas.be/fr/revitalisation-des-quartiers/brabant-nord-saint-lazare-2018-2023/je-participe/article/living-reine-avril-2024">·         15/05 à 16h30 : La rue Royale fait son cinéma <b>(FR)</b></a></p>
<p><a href="https://www.renovas.be/fr/revitalisation-des-quartiers/brabant-nord-saint-lazare-2018-2023/je-participe/article/living-reine-avril-2024">(Inscription obligatoire via pdauwe@renovas.be)<b></b></a></p>
<p>&nbsp;</p>
<p><a href="https://www.renovas.be/fr/revitalisation-des-quartiers/brabant-nord-saint-lazare-2018-2023/je-participe/article/living-reine-avril-2024"><b>Toutes les activités sont gratuites !</b></a></p>
<p><a href="https://www.renovas.be/fr/revitalisation-des-quartiers/brabant-nord-saint-lazare-2018-2023/je-participe/article/living-reine-avril-2024">Retrouvez le programme détaillé ici.</a></p>

<p>Le printemps amène plein d’évènements sur et autour de la place de la Reine ! Living Reine aura lieu le 15 mai 2024 de 14h à 17h. Nous souhaitons vous [&hellip;]</p>
