{"id":1224,"date":"2024-02-21T14:22:49","date_gmt":"2024-02-21T13:22:49","guid":{"rendered":"https:\/\/buurtinfoquartier.be\/?post_type=tribe_events&#038;p=1224"},"modified":"2024-09-05T15:20:40","modified_gmt":"2024-09-05T13:20:40","slug":"fete-de-la-musique","status":"publish","type":"tribe_events","link":"https:\/\/buurtinfoquartier.be\/nl\/agenda\/fete-de-la-musique\/","title":{"rendered":"F\u00eate de la Musique | Tcheza 2 dans le quartier Nord!"},"content":{"rendered":"\r\n<p class=\"has-primary-color has-light-green-cyan-to-vivid-green-cyan-gradient-background has-text-color has-background has-link-color wp-elements-08740387c41486569d8dcd3f119bafde\"><span style=\"color: #000080;\"><strong>F\u00eate de la Musique pour la premi\u00e8re fois \u00e0 Saint-Josse!\u00a0<\/strong><\/span><\/p>\r\n<div class=\"xdj266r x11i5rnm xat24cr x1mh8g0r x1vvkbs\">Apr\u00e8s le succ\u00e8s de la premi\u00e8re \u00e9dition, &#8220;Tsh\u00e9za Festival-Nord en Sc\u00e8ne&#8221; revient au c\u0153ur au c\u0153ur du Quartier Nord pour une \u00e9dition sp\u00e9ciale &#8220;F\u00eate de la Musique\u201d.<\/div>\r\n<div class=\"x11i5rnm xat24cr x1mh8g0r x1vvkbs xtlvy1s\">Rendez-vous le samedi 22 juin de 11h \u00e0 20h au Square Victoria Regina \u00e0 Saint-Josse (en face de l\u2019h\u00f4tel Hoxton et des grandes tours! .<\/div>\r\n<div style=\"text-align: right;\">Musique<\/div>\r\n<div style=\"text-align: right;\">Ateliers\u00a0<\/div>\r\n<div class=\"x11i5rnm xat24cr x1mh8g0r x1vvkbs xtlvy1s\" style=\"text-align: right;\">Stands nourriture et boissons.<\/div>\r\n<div class=\"x11i5rnm xat24cr x1mh8g0r x1vvkbs xtlvy1s\" style=\"text-align: right;\">Entr\u00e9e gratuite<\/div>\r\n<div>\u00a0<\/div>\r\n<div><img loading=\"lazy\" decoding=\"async\" class=\"wp-image-1503 aligncenter\" src=\"https:\/\/buurtinfoquartier.be\/wp-content\/uploads\/2024\/02\/tcheza2-complet-212x300.jpg\" alt=\"\" width=\"310\" height=\"439\" \/><\/div>\r\n","protected":false},"excerpt":{"rendered":"<p>&#8220;Tsh\u00e9za Festival-Nord en Sc\u00e8ne&#8221; revient au c\u0153ur au c\u0153ur du Quartier Nord pour une \u00e9dition sp\u00e9ciale &#8220;F\u00eate de la Musique\u201d<\/p>\n","protected":false},"author":14,"featured_media":1501,"template":"","meta":{"_tec_requires_first_save":false,"_monsterinsights_skip_tracking":false,"_monsterinsights_sitenote_active":false,"_monsterinsights_sitenote_note":"","_monsterinsights_sitenote_category":0,"_EventAllDay":true,"_EventTimezone":"Europe\/Brussels","_EventStartDate":"2024-06-22 00:00:00","_EventEndDate":"2024-06-22 23:59:59","_EventStartDateUTC":"2024-06-21 22:00:00","_EventEndDateUTC":"2024-06-22 21:59:59","_EventShowMap":false,"_EventShowMapLink":false,"_EventURL":"https:\/\/www.facebook.com\/events\/776944297903686","_EventCost":"0!","_EventCostDescription":"","_EventCurrencySymbol":"\u20ac","_EventCurrencyCode":"EUR","_EventCurrencyPosition":"suffix","_EventDateTimeSeparator":" @ ","_EventTimeRangeSeparator":" - ","_EventOrganizerID":[],"_EventVenueID":[1505],"_OrganizerEmail":"","_OrganizerPhone":"","_OrganizerWebsite":"","_VenueAddress":"","_VenueCity":"","_VenueCountry":"","_VenueProvince":"","_VenueState":"","_VenueZip":"","_VenuePhone":"","_VenueURL":"","_VenueStateProvince":"","_VenueLat":"","_VenueLng":"","_VenueShowMap":false,"_VenueShowMapLink":false,"_tribe_blocks_recurrence_rules":"","_tribe_blocks_recurrence_description":"","_tribe_blocks_recurrence_exclusions":"","_tribe_events_status":"","_tribe_events_status_reason":"","_tribe_events_is_hybrid":"","_tribe_events_is_virtual":"","_tribe_events_virtual_video_source":"","_tribe_events_virtual_embed_video":"","_tribe_events_virtual_linked_button_text":"","_tribe_events_virtual_linked_button":"","_tribe_events_virtual_show_embed_at":"","_tribe_events_virtual_show_embed_to":[],"_tribe_events_virtual_show_on_event":"","_tribe_events_virtual_show_on_views":"","_tribe_events_virtual_url":"","footnotes":""},"tags":[445],"tribe_events_cat":[437],"class_list":["post-1224","tribe_events","type-tribe_events","status-publish","has-post-thumbnail","hentry","tag-tous","tribe_events_cat-evenements-et-festivites","cat_evenements-et-festivites"],"_links":{"self":[{"href":"https:\/\/buurtinfoquartier.be\/nl\/wp-json\/wp\/v2\/tribe_events\/1224","targetHints":{"allow":["GET"]}}],"collection":[{"href":"https:\/\/buurtinfoquartier.be\/nl\/wp-json\/wp\/v2\/tribe_events"}],"about":[{"href":"https:\/\/buurtinfoquartier.be\/nl\/wp-json\/wp\/v2\/types\/tribe_events"}],"author":[{"embeddable":true,"href":"https:\/\/buurtinfoquartier.be\/nl\/wp-json\/wp\/v2\/users\/14"}],"version-history":[{"count":4,"href":"https:\/\/buurtinfoquartier.be\/nl\/wp-json\/wp\/v2\/tribe_events\/1224\/revisions"}],"predecessor-version":[{"id":2217,"href":"https:\/\/buurtinfoquartier.be\/nl\/wp-json\/wp\/v2\/tribe_events\/1224\/revisions\/2217"}],"wp:featuredmedia":[{"embeddable":true,"href":"https:\/\/buurtinfoquartier.be\/nl\/wp-json\/wp\/v2\/media\/1501"}],"wp:attachment":[{"href":"https:\/\/buurtinfoquartier.be\/nl\/wp-json\/wp\/v2\/media?parent=1224"}],"wp:term":[{"taxonomy":"post_tag","embeddable":true,"href":"https:\/\/buurtinfoquartier.be\/nl\/wp-json\/wp\/v2\/tags?post=1224"},{"taxonomy":"tribe_events_cat","embeddable":true,"href":"https:\/\/buurtinfoquartier.be\/nl\/wp-json\/wp\/v2\/tribe_events_cat?post=1224"}],"curies":[{"name":"wp","href":"https:\/\/api.w.org\/{rel}","templated":true}]}}

Fête de la Musique | Tcheza 2 dans le quartier Nord!

<p class="has-primary-color has-light-green-cyan-to-vivid-green-cyan-gradient-background has-text-color has-background has-link-color wp-elements-08740387c41486569d8dcd3f119bafde"><span style="color: #000080;"><strong>Fête de la Musique pour la première fois à Saint-Josse! </strong></span></p>
<div class="xdj266r x11i5rnm xat24cr x1mh8g0r x1vvkbs">Après le succès de la première édition, &#8220;Tshéza Festival-Nord en Scène&#8221; revient au cœur au cœur du Quartier Nord pour une édition spéciale &#8220;Fête de la Musique”.</div>
<div class="x11i5rnm xat24cr x1mh8g0r x1vvkbs xtlvy1s">Rendez-vous le samedi 22 juin de 11h à 20h au Square Victoria Regina à Saint-Josse (en face de l’hôtel Hoxton et des grandes tours! .</div>
<div style="text-align: right;">Musique</div>
<div style="text-align: right;">Ateliers </div>
<div class="x11i5rnm xat24cr x1mh8g0r x1vvkbs xtlvy1s" style="text-align: right;">Stands nourriture et boissons.</div>
<div class="x11i5rnm xat24cr x1mh8g0r x1vvkbs xtlvy1s" style="text-align: right;">Entrée gratuite</div>
<div> </div>
<div><img loading="lazy" decoding="async" class="wp-image-1503 aligncenter" src="https://buurtinfoquartier.be/wp-content/uploads/2024/02/tcheza2-complet-212x300.jpg" alt="" width="310" height="439" /></div>

<p>&#8220;Tshéza Festival-Nord en Scène&#8221; revient au cœur au cœur du Quartier Nord pour une édition spéciale &#8220;Fête de la Musique”</p>
