{"id":10000558,"date":"2024-09-11T21:10:28","date_gmt":"2024-09-11T19:10:28","guid":{"rendered":"https:\/\/buurtinfoquartier.be\/?post_type=tribe_events&#038;p=2247"},"modified":"2024-09-16T17:08:53","modified_gmt":"2024-09-16T15:08:53","slug":"living-reine-septembre","status":"publish","type":"tribe_events","link":"https:\/\/buurtinfoquartier.be\/nl\/agenda\/living-reine-septembre\/2024-09-19\/","title":{"rendered":"Living Reine Septembre"},"content":{"rendered":"<p><img loading=\"lazy\" decoding=\"async\" class=\"alignnone size-medium wp-image-2248\" src=\"https:\/\/buurtinfoquartier.be\/wp-content\/uploads\/2024\/09\/formatweb_livingreine-septembre2024_jpg-600x315.jpg\" alt=\"\" width=\"600\" height=\"315\" srcset=\"https:\/\/buurtinfoquartier.be\/wp-content\/uploads\/2024\/09\/formatweb_livingreine-septembre2024_jpg-600x315.jpg 600w, https:\/\/buurtinfoquartier.be\/wp-content\/uploads\/2024\/09\/formatweb_livingreine-septembre2024_jpg-1024x537.jpg 1024w, https:\/\/buurtinfoquartier.be\/wp-content\/uploads\/2024\/09\/formatweb_livingreine-septembre2024_jpg-768x403.jpg 768w, https:\/\/buurtinfoquartier.be\/wp-content\/uploads\/2024\/09\/formatweb_livingreine-septembre2024_jpg-1536x805.jpg 1536w, https:\/\/buurtinfoquartier.be\/wp-content\/uploads\/2024\/09\/formatweb_livingreine-septembre2024_jpg-2048x1074.jpg 2048w\" sizes=\"auto, (max-width: 600px) 100vw, 600px\" \/><\/p>\n<p>&nbsp;<\/p>\n<div class=\"chapo surlignable\">\n<p>Apr\u00e8s les vacances d\u2019\u00e9t\u00e9, le Living Reine est de retour avec au programme de nombreuses activit\u00e9s gratuites\u00a0: sport, musique et bien d\u2019autres ateliers artistiques.<br class=\"autobr\" \/>Deux jours de f\u00eate pour rassembler habitant\u00b7es et \u00e9tudiant\u00b7es du quartier.<\/p>\n<p>On se voit l\u00e0-bas\u00a0?<\/p>\n<\/div>\n<div class=\"texte surlignable\">\n<p>Au programme de cette \u00e9dition festive\u00a0:<\/p>\n<p><strong>19 septembre<\/strong><\/p>\n<p>Repas mexicain<br class=\"autobr\" \/>12:00-14:00<\/p>\n<p>DJ-set Chiquito<br class=\"autobr\" \/>12:00-14:00<\/p>\n<p>Visite guid\u00e9e Expo Artcontest (FR) Maison des Arts <br class=\"autobr\" \/>12:30-13:30<\/p>\n<p>Bar et musique<br class=\"autobr\" \/>12:00-19:00<\/p>\n<p>Activit\u00e9s sportives<br class=\"autobr\" \/>12:00-19:00<\/p>\n<p>Infos de quartier &#8211; March\u00e9 des associations<br class=\"autobr\" \/>12:00-19:00<\/p>\n<p>Installation Minorit\u00e9s en Place<br class=\"autobr\" \/>12:00-19:00<\/p>\n<p><strong>26 septembre<\/strong><\/p>\n<p>Repas mexicain<br class=\"autobr\" \/>12:00-14:00<\/p>\n<p>Visite guid\u00e9e Expo Artcontest (FR-EN) Maison des Arts <br class=\"autobr\" \/>12:15-13:15<\/p>\n<p>Bar et musique<br class=\"autobr\" \/>12:00-19:00<\/p>\n<p>Photobooth<br class=\"autobr\" \/>12:00-19:00<\/p>\n<p>Ateliers cr\u00e9atifs<br class=\"autobr\" \/>12:00-19:00<\/p>\n<p>Infos de quartier &#8211; March\u00e9 des associations<br class=\"autobr\" \/>12:00-19:00<\/p>\n<p>Installation Minorit\u00e9s en Place<br class=\"autobr\" \/>12:00-19:00<\/p>\n<p>Tuktuk Brabant<br class=\"autobr\" \/>Laissez-vous conduire \u00e0 la d\u00e9couverte du quartier\u00a0!<br class=\"autobr\" \/>13:00-17:00<\/p>\n<p>Expo Startweek KUL Sint-Lucas Architectuur<br class=\"autobr\" \/>Premiers travaux des \u00e9tudiant\u00b7es de 1\u00e8re ann\u00e9e<br class=\"autobr\" \/>13:00-17:00<\/p>\n<p>Atelier cuisine participatif La Marmeet<br class=\"autobr\" \/>14:00-17:00<\/p>\n<p>Village v\u00e9lo &#8211; Parcours + r\u00e9paration<br class=\"autobr\" \/>15:30-17:00<\/p>\n<p>Atelier Brico Trico<br class=\"autobr\" \/>15:30-17:00<\/p>\n<p>Atelier grimage<br class=\"autobr\" \/>Grime workshop<br class=\"autobr\" \/>15:30-17:00<\/p>\n<p>DJ-set<br class=\"autobr\" \/>17:00-19:00<\/p>\n<\/div>\n","protected":false},"excerpt":{"rendered":"<p>&nbsp; Apr\u00e8s les vacances d\u2019\u00e9t\u00e9, le Living Reine est de retour avec au programme de nombreuses activit\u00e9s gratuites\u00a0: sport, musique et bien d\u2019autres ateliers artistiques.Deux jours de f\u00eate pour rassembler [&hellip;]<\/p>\n","protected":false},"author":13,"featured_media":2253,"template":"","meta":{"_tec_requires_first_save":false,"_monsterinsights_skip_tracking":false,"_monsterinsights_sitenote_active":false,"_monsterinsights_sitenote_note":"","_monsterinsights_sitenote_category":0,"_EventAllDay":false,"_EventTimezone":"Europe\/Brussels","_EventStartDate":"2024-09-19 12:00:00","_EventEndDate":"2024-09-19 19:00:00","_EventStartDateUTC":"2024-09-19 10:00:00","_EventEndDateUTC":"2024-09-19 17:00:00","_EventShowMap":true,"_EventShowMapLink":true,"_EventURL":"https:\/\/www.facebook.com\/events\/866395645561130\/866398052227556?ref=newsfeed","_EventCost":"0","_EventCostDescription":"","_EventCurrencySymbol":"\u20ac","_EventCurrencyCode":"EUR","_EventCurrencyPosition":"suffix","_EventDateTimeSeparator":"","_EventTimeRangeSeparator":"","_EventOrganizerID":[],"_EventVenueID":[1137],"_OrganizerEmail":"","_OrganizerPhone":"","_OrganizerWebsite":"","_VenueAddress":"","_VenueCity":"","_VenueCountry":"","_VenueProvince":"","_VenueState":"","_VenueZip":"","_VenuePhone":"","_VenueURL":"","_VenueStateProvince":"","_VenueLat":"","_VenueLng":"","_VenueShowMap":false,"_VenueShowMapLink":false,"_tribe_blocks_recurrence_rules":"[{\"all_day\":false,\"multi_day\":false,\"type\":\"single\",\"between\":1,\"start_time\":\"12:00:00\",\"end_time\":\"19:00:00\",\"start_date\":\"2024-09-26\",\"_start_date_input\":\"September 26, 2024\",\"_start_time_input\":\"12:00\",\"_end_time_input\":\"19:00\",\"isOffStart\":false}]","_tribe_blocks_recurrence_description":"","_tribe_blocks_recurrence_exclusions":"","_tribe_events_status":"","_tribe_events_status_reason":"","_tribe_events_is_hybrid":"","_tribe_events_is_virtual":"","_tribe_events_virtual_video_source":"","_tribe_events_virtual_embed_video":"","_tribe_events_virtual_linked_button_text":"","_tribe_events_virtual_linked_button":"","_tribe_events_virtual_show_embed_at":"","_tribe_events_virtual_show_embed_to":[],"_tribe_events_virtual_show_on_event":"","_tribe_events_virtual_show_on_views":"","_tribe_events_virtual_url":"","footnotes":""},"tags":[445],"tribe_events_cat":[437],"class_list":["post-10000558","tribe_events","type-tribe_events","status-publish","has-post-thumbnail","hentry","tag-tous","tribe_events_cat-evenements-et-festivites","cat_evenements-et-festivites","tribe-recurring-event","tribe-recurring-event-parent"],"_links":{"self":[{"href":"https:\/\/buurtinfoquartier.be\/nl\/wp-json\/wp\/v2\/tribe_events\/10000558","targetHints":{"allow":["GET"]}}],"collection":[{"href":"https:\/\/buurtinfoquartier.be\/nl\/wp-json\/wp\/v2\/tribe_events"}],"about":[{"href":"https:\/\/buurtinfoquartier.be\/nl\/wp-json\/wp\/v2\/types\/tribe_events"}],"author":[{"embeddable":true,"href":"https:\/\/buurtinfoquartier.be\/nl\/wp-json\/wp\/v2\/users\/13"}],"version-history":[{"count":0,"href":"https:\/\/buurtinfoquartier.be\/nl\/wp-json\/wp\/v2\/tribe_events\/10000558\/revisions"}],"wp:featuredmedia":[{"embeddable":true,"href":"https:\/\/buurtinfoquartier.be\/nl\/wp-json\/wp\/v2\/media\/2253"}],"wp:attachment":[{"href":"https:\/\/buurtinfoquartier.be\/nl\/wp-json\/wp\/v2\/media?parent=10000558"}],"wp:term":[{"taxonomy":"post_tag","embeddable":true,"href":"https:\/\/buurtinfoquartier.be\/nl\/wp-json\/wp\/v2\/tags?post=10000558"},{"taxonomy":"tribe_events_cat","embeddable":true,"href":"https:\/\/buurtinfoquartier.be\/nl\/wp-json\/wp\/v2\/tribe_events_cat?post=10000558"}],"curies":[{"name":"wp","href":"https:\/\/api.w.org\/{rel}","templated":true}]}}

<p><img loading="lazy" decoding="async" class="alignnone size-medium wp-image-2248" src="https://buurtinfoquartier.be/wp-content/uploads/2024/09/formatweb_livingreine-septembre2024_jpg-600x315.jpg" alt="" width="600" height="315" srcset="https://buurtinfoquartier.be/wp-content/uploads/2024/09/formatweb_livingreine-septembre2024_jpg-600x315.jpg 600w, https://buurtinfoquartier.be/wp-content/uploads/2024/09/formatweb_livingreine-septembre2024_jpg-1024x537.jpg 1024w, https://buurtinfoquartier.be/wp-content/uploads/2024/09/formatweb_livingreine-septembre2024_jpg-768x403.jpg 768w, https://buurtinfoquartier.be/wp-content/uploads/2024/09/formatweb_livingreine-septembre2024_jpg-1536x805.jpg 1536w, https://buurtinfoquartier.be/wp-content/uploads/2024/09/formatweb_livingreine-septembre2024_jpg-2048x1074.jpg 2048w" sizes="auto, (max-width: 600px) 100vw, 600px" /></p>
<p>&nbsp;</p>
<div class="chapo surlignable">
<p>Après les vacances d’été, le Living Reine est de retour avec au programme de nombreuses activités gratuites : sport, musique et bien d’autres ateliers artistiques.<br class="autobr" />Deux jours de fête pour rassembler habitant·es et étudiant·es du quartier.</p>
<p>On se voit là-bas ?</p>
</div>
<div class="texte surlignable">
<p>Au programme de cette édition festive :</p>
<p><strong>19 septembre</strong></p>
<p>Repas mexicain<br class="autobr" />12:00-14:00</p>
<p>DJ-set Chiquito<br class="autobr" />12:00-14:00</p>
<p>Visite guidée Expo Artcontest (FR) Maison des Arts <br class="autobr" />12:30-13:30</p>
<p>Bar et musique<br class="autobr" />12:00-19:00</p>
<p>Activités sportives<br class="autobr" />12:00-19:00</p>
<p>Infos de quartier &#8211; Marché des associations<br class="autobr" />12:00-19:00</p>
<p>Installation Minorités en Place<br class="autobr" />12:00-19:00</p>
<p><strong>26 septembre</strong></p>
<p>Repas mexicain<br class="autobr" />12:00-14:00</p>
<p>Visite guidée Expo Artcontest (FR-EN) Maison des Arts <br class="autobr" />12:15-13:15</p>
<p>Bar et musique<br class="autobr" />12:00-19:00</p>
<p>Photobooth<br class="autobr" />12:00-19:00</p>
<p>Ateliers créatifs<br class="autobr" />12:00-19:00</p>
<p>Infos de quartier &#8211; Marché des associations<br class="autobr" />12:00-19:00</p>
<p>Installation Minorités en Place<br class="autobr" />12:00-19:00</p>
<p>Tuktuk Brabant<br class="autobr" />Laissez-vous conduire à la découverte du quartier !<br class="autobr" />13:00-17:00</p>
<p>Expo Startweek KUL Sint-Lucas Architectuur<br class="autobr" />Premiers travaux des étudiant·es de 1ère année<br class="autobr" />13:00-17:00</p>
<p>Atelier cuisine participatif La Marmeet<br class="autobr" />14:00-17:00</p>
<p>Village vélo &#8211; Parcours + réparation<br class="autobr" />15:30-17:00</p>
<p>Atelier Brico Trico<br class="autobr" />15:30-17:00</p>
<p>Atelier grimage<br class="autobr" />Grime workshop<br class="autobr" />15:30-17:00</p>
<p>DJ-set<br class="autobr" />17:00-19:00</p>
</div>

<p>&nbsp; Après les vacances d’été, le Living Reine est de retour avec au programme de nombreuses activités gratuites : sport, musique et bien d’autres ateliers artistiques.Deux jours de fête pour rassembler [&hellip;]</p>
